{"id":440,"date":"2018-10-05T13:43:57","date_gmt":"2018-10-05T11:43:57","guid":{"rendered":"https:\/\/stajnia-smarchowicewielkie.pl\/?page_id=440"},"modified":"2020-04-08T13:26:23","modified_gmt":"2020-04-08T11:26:23","slug":"oferta","status":"publish","type":"page","link":"https:\/\/stajnia-smarchowicewielkie.pl\/index.php\/oferta\/","title":{"rendered":"OFERTA"},"content":{"rendered":"<p>[et_pb_section fb_built=&#8221;1&#8243; fullwidth=&#8221;on&#8221; _builder_version=&#8221;4.4.2&#8243; custom_margin=&#8221;||&#8221; top_divider_color=&#8221;#ffffff&#8221; top_divider_height=&#8221;67px&#8221; top_divider_flip=&#8221;vertical|horizontal&#8221; bottom_divider_color=&#8221;#ffffff&#8221; bottom_divider_height=&#8221;67px&#8221; bottom_divider_flip=&#8221;vertical|horizontal&#8221;][et_pb_fullwidth_slider _builder_version=&#8221;4.4.2&#8243; header_font=&#8221;Verdana|600|||||||&#8221; header_text_align=&#8221;right&#8221; header_text_color=&#8221;#c3a066&#8243; background_image=&#8221;https:\/\/stajnia-smarchowicewielkie.pl\/wp-content\/uploads\/2018\/10\/oferta.jpg&#8221; custom_margin=&#8221;||||false|false&#8221; header_text_shadow_style=&#8221;preset1&#8243;][et_pb_slide heading=&#8221;OFERTA&#8221; _builder_version=&#8221;4.4.2&#8243; use_background_color_gradient=&#8221;on&#8221; background_color_gradient_start=&#8221;rgba(0,0,0,0.44)&#8221; background_color_gradient_end=&#8221;rgba(0,0,0,0.58)&#8221; background_color_gradient_overlays_image=&#8221;on&#8221;][\/et_pb_slide][\/et_pb_fullwidth_slider][\/et_pb_section][et_pb_section fb_built=&#8221;1&#8243; _builder_version=&#8221;4.4.2&#8243; background_color=&#8221;rgba(195,160,102,0.62)&#8221; custom_padding=&#8221;0|0px|18px|0|false|false&#8221;][et_pb_row column_structure=&#8221;1_3,1_3,1_3&#8243; module_class=&#8221; et_pb_row_fullwidth&#8221; _builder_version=&#8221;3.25&#8243; width=&#8221;89%&#8221; width_tablet=&#8221;80%&#8221; width_phone=&#8221;&#8221; width_last_edited=&#8221;on|desktop&#8221; max_width=&#8221;89%&#8221; max_width_tablet=&#8221;80%&#8221; max_width_phone=&#8221;&#8221; max_width_last_edited=&#8221;on|desktop&#8221; module_alignment=&#8221;center&#8221; make_fullwidth=&#8221;on&#8221;][et_pb_column type=&#8221;1_3&#8243; _builder_version=&#8221;3.25&#8243; custom_padding=&#8221;|||&#8221; custom_padding__hover=&#8221;|||&#8221;][et_pb_image src=&#8221;https:\/\/stajnia-smarchowicewielkie.pl\/wp-content\/uploads\/2018\/11\/imprezy.jpg&#8221; align=&#8221;center&#8221; align_tablet=&#8221;center&#8221; align_phone=&#8221;&#8221; align_last_edited=&#8221;on|desktop&#8221; _builder_version=&#8221;4.4.2&#8243; hover_enabled=&#8221;0&#8243; border_radii=&#8221;|5px|5px||&#8221; border_width_all=&#8221;3px&#8221; border_color_all=&#8221;#5d3923&#8243; border_radii__hover=&#8221;on|0px|0px|0px|0px&#8221; filter_saturate__hover_enabled=&#8221;on|hover&#8221; filter_saturate__hover=&#8221;0%&#8221; border_width_all__hover_enabled=&#8221;on|desktop&#8221; border_width_all__hover=&#8221;3px&#8221; border_color_all__hover_enabled=&#8221;on|hover&#8221; border_color_all__hover=&#8221;#c3a066&#8243;][\/et_pb_image][et_pb_blurb title=&#8221;OBS\u0141UGA IMPREZ&#8221; use_icon=&#8221;on&#8221; font_icon=&#8221;%%171%%&#8221; icon_color=&#8221;#ffffff&#8221; use_circle=&#8221;on&#8221; circle_color=&#8221;#5d3923&#8243; use_icon_font_size=&#8221;on&#8221; icon_font_size=&#8221;47px&#8221; admin_label=&#8221;obsluga_imprez&#8221; _builder_version=&#8221;4.4.2&#8243; header_font=&#8221;Verdana|600|||||||&#8221; header_text_align=&#8221;center&#8221; header_text_color=&#8221;#5d3923&#8243; body_font=&#8221;Verdana||||||||&#8221; body_text_align=&#8221;center&#8221; body_text_color=&#8221;#000000&#8243; text_orientation=&#8221;center&#8221; custom_margin=&#8221;-25%|||&#8221; circle_color__hover_enabled=&#8221;on|hover&#8221; circle_color__hover=&#8221;#c3a066&#8243; header_text_color__hover_enabled=&#8221;on|hover&#8221; header_text_color__hover=&#8221;#c3a066&#8243;]<\/p>\n<p style=\"text-align: center;\"><span style=\"color: #000000; font-size: 16px;\">Wynajem kucy na r\u00f3\u017cnego rodzaju imprezy okoliczno\u015bciowe takie jak festyny, pikniki, do\u017cynki, urodziny itp. Nasze kuce przesz\u0142y szkolenie, dzi\u0119ki temu s\u0105 sprawdzone, bezpieczne i znakomicie przystosowane do obs\u0142ugi imprez masowych. Opiekunem jest instruktor jazdy konnej i trener II klasy, co gwarantuje bezpiecze\u0144stwo.<\/span><\/p>\n<p>[\/et_pb_blurb][\/et_pb_column][et_pb_column type=&#8221;1_3&#8243; _builder_version=&#8221;3.25&#8243; custom_padding=&#8221;|||&#8221; custom_padding__hover=&#8221;|||&#8221;][et_pb_image src=&#8221;https:\/\/stajnia-smarchowicewielkie.pl\/wp-content\/uploads\/2018\/11\/nauka-jazdy.png&#8221; align=&#8221;center&#8221; align_tablet=&#8221;center&#8221; align_phone=&#8221;&#8221; align_last_edited=&#8221;on|desktop&#8221; _builder_version=&#8221;4.4.2&#8243; hover_enabled=&#8221;0&#8243; border_radii=&#8221;|5px|5px|0px|0px&#8221; border_width_all=&#8221;3px&#8221; border_color_all=&#8221;#5d3923&#8243; border_width_all__hover=&#8221;4px&#8221; border_color_all__hover_enabled=&#8221;on|hover&#8221; border_color_all__hover=&#8221;#c3a066&#8243; filter_saturate__hover_enabled=&#8221;on|desktop&#8221; filter_saturate__hover=&#8221;0%&#8221;][\/et_pb_image][et_pb_blurb title=&#8221;NAUKA JAZDY KONNEJ&#8221; use_icon=&#8221;on&#8221; font_icon=&#8221;%%171%%&#8221; icon_color=&#8221;#ffffff&#8221; use_circle=&#8221;on&#8221; circle_color=&#8221;#5d3923&#8243; use_icon_font_size=&#8221;on&#8221; icon_font_size=&#8221;47px&#8221; admin_label=&#8221;nauka_jazdy_konnej&#8221; _builder_version=&#8221;4.4.2&#8243; header_font=&#8221;Verdana|600|||||||&#8221; header_text_align=&#8221;center&#8221; header_text_color=&#8221;#5d3923&#8243; body_font=&#8221;Verdana||||||||&#8221; body_text_align=&#8221;center&#8221; body_text_color=&#8221;#000000&#8243; text_orientation=&#8221;center&#8221; custom_margin=&#8221;-25%|||&#8221; circle_color__hover_enabled=&#8221;on|desktop&#8221; circle_color__hover=&#8221;#c3a066&#8243; header_text_color__hover_enabled=&#8221;on|hover&#8221; header_text_color__hover=&#8221;#c3a066&#8243;]<\/p>\n<p style=\"text-align: center;\"><span style=\"color: #000000; font-size: 16px;\">Nauczanie pocz\u0105tkowe jazdy konnej dla dzieci, m\u0142odzie\u017cy i doros\u0142ych. Lekcje odbywaj\u0105 si\u0119 w max. 3 osobowej grupie. Jazdy przeprowadzane s\u0105 przez wykwalifikowanego instruktora oraz trenera. Nale\u017cy pami\u0119ta\u0107, \u017ce jazdy odbywaj\u0105 si\u0119 po wcze\u015bniejszym kontakcie telefonicznym.<\/span><\/p>\n<p>[\/et_pb_blurb][\/et_pb_column][et_pb_column type=&#8221;1_3&#8243; _builder_version=&#8221;3.25&#8243; custom_padding=&#8221;|||&#8221; custom_padding__hover=&#8221;|||&#8221;][et_pb_image src=&#8221;https:\/\/stajnia-smarchowicewielkie.pl\/wp-content\/uploads\/2018\/11\/sekcja-sportowa.jpg&#8221; align=&#8221;center&#8221; align_tablet=&#8221;center&#8221; align_phone=&#8221;&#8221; align_last_edited=&#8221;on|desktop&#8221; _builder_version=&#8221;4.4.2&#8243; hover_enabled=&#8221;0&#8243; border_radii=&#8221;|5px|5px||&#8221; border_width_all=&#8221;3px&#8221; border_color_all=&#8221;#5d3923&#8243; border_color_all__hover=&#8221;#c3a066&#8243; border_width_all__hover_enabled=&#8221;on|hover&#8221; border_color_all__hover_enabled=&#8221;on|hover&#8221; filter_saturate__hover_enabled=&#8221;on|hover&#8221; filter_saturate__hover=&#8221;0%&#8221;][\/et_pb_image][et_pb_blurb title=&#8221;SEKCJA SPORTOWA&#8221; use_icon=&#8221;on&#8221; font_icon=&#8221;%%171%%&#8221; icon_color=&#8221;#ffffff&#8221; use_circle=&#8221;on&#8221; circle_color=&#8221;#5d3923&#8243; use_icon_font_size=&#8221;on&#8221; icon_font_size=&#8221;47px&#8221; admin_label=&#8221;sekcja_sportowa&#8221; _builder_version=&#8221;4.4.2&#8243; header_font=&#8221;Verdana|600|||||||&#8221; header_text_align=&#8221;center&#8221; header_text_color=&#8221;#5d3923&#8243; body_font=&#8221;Verdana||||||||&#8221; body_text_align=&#8221;center&#8221; body_text_color=&#8221;#000000&#8243; text_orientation=&#8221;center&#8221; custom_margin=&#8221;-25%|||&#8221; circle_color__hover_enabled=&#8221;on|desktop&#8221; circle_color__hover=&#8221;#c3a066&#8243; header_text_color__hover_enabled=&#8221;on|hover&#8221; header_text_color__hover=&#8221;#c3a066&#8243;]<\/p>\n<p style=\"text-align: center;\"><span style=\"font-size: 16px; color: #000000;\">Nab\u00f3r dzieci i m\u0142odzie\u017cy do klubowej sekcji sportowej. Oferta dotyczy dzieci ju\u017c je\u017cd\u017c\u0105cych od 8 lat oraz i ich rodzic\u00f3w, kt\u00f3rzy szukaj\u0105 czego\u015b wi\u0119cej ni\u017c typowa jazda rekreacyjna. Osoby te mog\u0105 liczy\u0107 na intensywne treningi, g\u0142\u00f3wnie skokowe, oraz cz\u0119ste wyjazdy na zawody. Klub r\u00f3wnie\u017c udost\u0119pnia konie na zawody, egzaminy i licencyjne, Powszechne Odznaki Je\u017adzieckie itp. Warunkiem jest odbycie przynajmniej dw\u00f3ch jazd na wybranym przez instruktora koniu.<\/span><\/p>\n<p>[\/et_pb_blurb][\/et_pb_column][\/et_pb_row][et_pb_row column_structure=&#8221;1_3,1_3,1_3&#8243; module_class=&#8221; et_pb_row_fullwidth&#8221; _builder_version=&#8221;3.25&#8243; width=&#8221;89%&#8221; width_tablet=&#8221;80%&#8221; width_phone=&#8221;&#8221; width_last_edited=&#8221;on|desktop&#8221; max_width=&#8221;89%&#8221; max_width_tablet=&#8221;80%&#8221; max_width_phone=&#8221;&#8221; max_width_last_edited=&#8221;on|desktop&#8221; module_alignment=&#8221;center&#8221; make_fullwidth=&#8221;on&#8221;][et_pb_column type=&#8221;1_3&#8243; _builder_version=&#8221;3.25&#8243; custom_padding=&#8221;|||&#8221; custom_padding__hover=&#8221;|||&#8221;][et_pb_image src=&#8221;https:\/\/stajnia-smarchowicewielkie.pl\/wp-content\/uploads\/2018\/11\/golenie.jpg&#8221; align=&#8221;center&#8221; align_tablet=&#8221;center&#8221; align_phone=&#8221;&#8221; align_last_edited=&#8221;on|desktop&#8221; _builder_version=&#8221;4.4.2&#8243; hover_enabled=&#8221;0&#8243; border_radii=&#8221;|5px|5px||&#8221; border_width_all=&#8221;3px&#8221; border_color_all=&#8221;#5d3923&#8243; border_radii__hover=&#8221;on|0px|0px|0px|0px&#8221; border_width_all__hover_enabled=&#8221;on|hover&#8221; border_color_all__hover_enabled=&#8221;on|desktop&#8221; border_color_all__hover=&#8221;#c3a066&#8243; filter_saturate__hover_enabled=&#8221;on|hover&#8221; filter_saturate__hover=&#8221;0%&#8221;][\/et_pb_image][et_pb_blurb title=&#8221;GOLENIE KONI&#8221; use_icon=&#8221;on&#8221; font_icon=&#8221;%%171%%&#8221; icon_color=&#8221;#ffffff&#8221; use_circle=&#8221;on&#8221; circle_color=&#8221;#5d3923&#8243; use_icon_font_size=&#8221;on&#8221; icon_font_size=&#8221;47px&#8221; admin_label=&#8221;golenie koni&#8221; _builder_version=&#8221;4.4.2&#8243; header_font=&#8221;Verdana|600|||||||&#8221; header_text_align=&#8221;center&#8221; header_text_color=&#8221;#5d3923&#8243; body_font=&#8221;Verdana||||||||&#8221; body_text_align=&#8221;center&#8221; body_text_color=&#8221;#000000&#8243; text_orientation=&#8221;center&#8221; custom_margin=&#8221;-25%|||&#8221; circle_color__hover_enabled=&#8221;on|hover&#8221; circle_color__hover=&#8221;#c3a066&#8243; header_text_color__hover_enabled=&#8221;on&#8221; header_text_color__hover=&#8221;#c3a066&#8243;]<\/p>\n<h1 style=\"text-align: center;\"><span style=\"color: #000000; font-size: 16px;\">Golenie najlepszymi szwajcarskimi maszynkami bezprzewodowymi marki Heiniger. Do golenia podstawowego u\u017cywamy maszynki Xplorer do wzork\u00f3w i g\u0142owy Saphir Style. Indywidualne podej\u015bcie do ka\u017cdego konia. R\u00f3\u017cne rodzaje golenia: od ca\u0142ego cia\u0142a do golenia typowo rekreacyjnego. Cena uzale\u017cniona jest od miejsca, w kt\u00f3rym takowe golenie na si\u0119 odby\u0107.<\/span><\/h1>\n<p>[\/et_pb_blurb][\/et_pb_column][et_pb_column type=&#8221;1_3&#8243; _builder_version=&#8221;3.25&#8243; custom_padding=&#8221;|||&#8221; custom_padding__hover=&#8221;|||&#8221;][et_pb_image src=&#8221;https:\/\/stajnia-smarchowicewielkie.pl\/wp-content\/uploads\/2018\/11\/sesje-fot-kopia.jpg&#8221; align=&#8221;center&#8221; align_tablet=&#8221;center&#8221; align_phone=&#8221;&#8221; align_last_edited=&#8221;on|desktop&#8221; _builder_version=&#8221;4.4.2&#8243; hover_enabled=&#8221;0&#8243; border_radii=&#8221;|5px|5px|0px|0px&#8221; border_width_all=&#8221;3px&#8221; border_color_all=&#8221;#5d3923&#8243; border_width_all__hover_enabled=&#8221;on|hover&#8221; border_color_all__hover_enabled=&#8221;on|desktop&#8221; border_color_all__hover=&#8221;#c3a066&#8243; filter_saturate__hover_enabled=&#8221;on|hover&#8221; filter_saturate__hover=&#8221;0%&#8221;][\/et_pb_image][et_pb_blurb title=&#8221;ORGANIZACJA SESJI ZDJ\u0118CIOWYCH&#8221; use_icon=&#8221;on&#8221; font_icon=&#8221;%%171%%&#8221; icon_color=&#8221;#ffffff&#8221; use_circle=&#8221;on&#8221; circle_color=&#8221;#5d3923&#8243; use_icon_font_size=&#8221;on&#8221; icon_font_size=&#8221;47px&#8221; admin_label=&#8221;sesje_zdjeciowe&#8221; _builder_version=&#8221;4.4.2&#8243; header_font=&#8221;Verdana|600|||||||&#8221; header_text_align=&#8221;center&#8221; header_text_color=&#8221;#5d3923&#8243; body_font=&#8221;Verdana||||||||&#8221; body_text_align=&#8221;center&#8221; body_text_color=&#8221;#000000&#8243; text_orientation=&#8221;center&#8221; custom_margin=&#8221;-25%|||&#8221; circle_color__hover_enabled=&#8221;on&#8221; circle_color__hover=&#8221;#c3a066&#8243; header_text_color__hover_enabled=&#8221;on|hover&#8221; header_text_color__hover=&#8221;#c3a066&#8243;]<\/p>\n<p style=\"text-align: center;\"><span style=\"font-size: 16px; color: #000000;\">Mo\u017cliwo\u015b\u0107 zorganizowania sesji studyjnych oraz plenerowych z udzia\u0142em koni swoich lub Klubowych. Wypo\u017cyczamy konie, a sprawdzony fotograf, wykona profesjonaln\u0105 sesje zdj\u0119ciow\u0105. Mo\u017cliwo\u015b\u0107 ustalenia dogodnego terminu oraz pomoc podczas sesji.<\/span><\/p>\n<p>[\/et_pb_blurb][\/et_pb_column][et_pb_column type=&#8221;1_3&#8243; _builder_version=&#8221;3.25&#8243; custom_padding=&#8221;|||&#8221; custom_padding__hover=&#8221;|||&#8221;][et_pb_image src=&#8221;https:\/\/stajnia-smarchowicewielkie.pl\/wp-content\/uploads\/2018\/11\/\u0142ucznictwo.jpg&#8221; align=&#8221;center&#8221; align_tablet=&#8221;center&#8221; align_phone=&#8221;&#8221; align_last_edited=&#8221;on|desktop&#8221; _builder_version=&#8221;4.4.2&#8243; hover_enabled=&#8221;0&#8243; border_radii=&#8221;|5px|5px||&#8221; border_width_all=&#8221;3px&#8221; border_color_all=&#8221;#5d3923&#8243; border_width_all__hover=&#8221;3px&#8221; border_color_all__hover=&#8221;#c3a066&#8243; border_width_all__hover_enabled=&#8221;on|desktop&#8221; border_color_all__hover_enabled=&#8221;on|desktop&#8221; filter_saturate__hover_enabled=&#8221;on|hover&#8221; filter_saturate__hover=&#8221;0%&#8221;][\/et_pb_image][et_pb_blurb title=&#8221;\u0141UCZNICTWO TRADYCYJNE ORAZ KONNE&#8221; use_icon=&#8221;on&#8221; font_icon=&#8221;%%171%%&#8221; icon_color=&#8221;#ffffff&#8221; use_circle=&#8221;on&#8221; circle_color=&#8221;#5d3923&#8243; use_icon_font_size=&#8221;on&#8221; icon_font_size=&#8221;47px&#8221; admin_label=&#8221;lucznictwo&#8221; _builder_version=&#8221;4.4.2&#8243; header_font=&#8221;Verdana|600|||||||&#8221; header_text_align=&#8221;center&#8221; header_text_color=&#8221;#5d3923&#8243; body_font=&#8221;Verdana||||||||&#8221; body_text_align=&#8221;center&#8221; body_text_color=&#8221;#000000&#8243; text_orientation=&#8221;center&#8221; custom_margin=&#8221;-25%|||&#8221; circle_color__hover_enabled=&#8221;on|hover&#8221; circle_color__hover=&#8221;#c3a066&#8243; header_text_color__hover_enabled=&#8221;on&#8221; header_text_color__hover=&#8221;#c3a066&#8243;]<\/p>\n<p style=\"text-align: center;\"><span style=\"font-size: 16px; color: #000000;\">Wsp\u00f3\u0142pracujemy z osobami specjalizuj\u0105cymi si\u0119 w \u0142ucznictwie konnym na mi\u0119dzynarodowym poziomie. Organizujemy zaj\u0119cia i warsztaty z dwukrotym Mistrzem \u015awiata, 11- krotnym medalist\u0105 Mistrzostw \u015awiata i Europy oraz dru\u017cynow\u0105 vice mistrzyni\u0105 Europy w tej dyscyplinie.<\/span><\/p>\n<p>[\/et_pb_blurb][\/et_pb_column][\/et_pb_row][\/et_pb_section]<\/p>\n","protected":false},"excerpt":{"rendered":"<p>Wynajem kucy na r\u00f3\u017cnego rodzaju imprezy okoliczno\u015bciowe takie jak festyny, pikniki, do\u017cynki, urodziny itp. Nasze kuce przesz\u0142y szkolenie, dzi\u0119ki temu s\u0105 sprawdzone, bezpieczne i znakomicie przystosowane do obs\u0142ugi imprez masowych. Opiekunem jest instruktor jazdy konnej i trener II klasy, co gwarantuje bezpiecze\u0144stwo. Nauczanie pocz\u0105tkowe jazdy konnej dla dzieci, m\u0142odzie\u017cy i doros\u0142ych. Lekcje odbywaj\u0105 si\u0119 w [&hellip;]<\/p>\n","protected":false},"author":1,"featured_media":0,"parent":0,"menu_order":0,"comment_status":"closed","ping_status":"closed","template":"","meta":{"_et_pb_use_builder":"on","_et_pb_old_content":"","_et_gb_content_width":"","footnotes":""},"class_list":["post-440","page","type-page","status-publish","hentry"],"_links":{"self":[{"href":"https:\/\/stajnia-smarchowicewielkie.pl\/index.php\/wp-json\/wp\/v2\/pages\/440","targetHints":{"allow":["GET"]}}],"collection":[{"href":"https:\/\/stajnia-smarchowicewielkie.pl\/index.php\/wp-json\/wp\/v2\/pages"}],"about":[{"href":"https:\/\/stajnia-smarchowicewielkie.pl\/index.php\/wp-json\/wp\/v2\/types\/page"}],"author":[{"embeddable":true,"href":"https:\/\/stajnia-smarchowicewielkie.pl\/index.php\/wp-json\/wp\/v2\/users\/1"}],"replies":[{"embeddable":true,"href":"https:\/\/stajnia-smarchowicewielkie.pl\/index.php\/wp-json\/wp\/v2\/comments?post=440"}],"version-history":[{"count":0,"href":"https:\/\/stajnia-smarchowicewielkie.pl\/index.php\/wp-json\/wp\/v2\/pages\/440\/revisions"}],"wp:attachment":[{"href":"https:\/\/stajnia-smarchowicewielkie.pl\/index.php\/wp-json\/wp\/v2\/media?parent=440"}],"curies":[{"name":"wp","href":"https:\/\/api.w.org\/{rel}","templated":true}]}}